{"id":62,"date":"2025-10-31T17:03:30","date_gmt":"2025-10-31T17:03:30","guid":{"rendered":"https:\/\/gdanska147g.pl\/?page_id=62"},"modified":"2025-10-31T17:08:31","modified_gmt":"2025-10-31T17:08:31","slug":"rzuty","status":"publish","type":"page","link":"https:\/\/gdanska147g.pl\/index.php\/rzuty\/","title":{"rendered":""},"content":{"rendered":"\n<p class=\"has-text-color has-link-color wp-elements-53a2d1d434d617a5e3cc6a8517115aa4\" style=\"color:#beb28a\">Rzut parkingu podziemnego (B0)<\/p>\n\n\n\n<figure class=\"wp-block-image size-large\"><img fetchpriority=\"high\" decoding=\"async\" width=\"1024\" height=\"718\" src=\"https:\/\/gdanska147g.pl\/wp-content\/uploads\/2025\/10\/gdanska0-1024x718.png\" alt=\"\" class=\"wp-image-64\" srcset=\"https:\/\/gdanska147g.pl\/wp-content\/uploads\/2025\/10\/gdanska0-1024x718.png 1024w, https:\/\/gdanska147g.pl\/wp-content\/uploads\/2025\/10\/gdanska0-300x210.png 300w, https:\/\/gdanska147g.pl\/wp-content\/uploads\/2025\/10\/gdanska0-768x538.png 768w, https:\/\/gdanska147g.pl\/wp-content\/uploads\/2025\/10\/gdanska0.png 1136w\" sizes=\"(max-width: 1024px) 100vw, 1024px\" \/><\/figure>\n\n\n\n<p class=\"has-text-color has-link-color wp-elements-d8db04fe87a178a165d2a0ab26fd079c\" style=\"color:#beb28a\">Rzut parteru (B1)<\/p>\n\n\n\n<figure class=\"wp-block-image size-large\"><img decoding=\"async\" width=\"1024\" height=\"724\" src=\"https:\/\/gdanska147g.pl\/wp-content\/uploads\/2025\/10\/gdanska11-1024x724.png\" alt=\"\" class=\"wp-image-66\" srcset=\"https:\/\/gdanska147g.pl\/wp-content\/uploads\/2025\/10\/gdanska11-1024x724.png 1024w, https:\/\/gdanska147g.pl\/wp-content\/uploads\/2025\/10\/gdanska11-300x212.png 300w, https:\/\/gdanska147g.pl\/wp-content\/uploads\/2025\/10\/gdanska11-768x543.png 768w, https:\/\/gdanska147g.pl\/wp-content\/uploads\/2025\/10\/gdanska11.png 1136w\" sizes=\"(max-width: 1024px) 100vw, 1024px\" \/><\/figure>\n\n\n\n<p class=\"has-text-color has-link-color wp-elements-c43449737bdf105a771235bba69196c3\" style=\"color:#beb28a\">Rzut I pi\u0119tra (B2)<\/p>\n\n\n\n<figure class=\"wp-block-image size-large\"><img decoding=\"async\" width=\"1024\" height=\"716\" src=\"https:\/\/gdanska147g.pl\/wp-content\/uploads\/2025\/10\/gdanska2-1024x716.png\" alt=\"\" class=\"wp-image-67\" srcset=\"https:\/\/gdanska147g.pl\/wp-content\/uploads\/2025\/10\/gdanska2-1024x716.png 1024w, https:\/\/gdanska147g.pl\/wp-content\/uploads\/2025\/10\/gdanska2-300x210.png 300w, https:\/\/gdanska147g.pl\/wp-content\/uploads\/2025\/10\/gdanska2-768x537.png 768w, https:\/\/gdanska147g.pl\/wp-content\/uploads\/2025\/10\/gdanska2.png 1132w\" sizes=\"(max-width: 1024px) 100vw, 1024px\" \/><\/figure>\n\n\n\n<p class=\"has-text-color has-link-color wp-elements-6897bb421ae5e42d6645641f4486f30f\" style=\"color:#beb28a\">Rzut II pi\u0119tra (B3)<\/p>\n\n\n\n<figure class=\"wp-block-image size-large\"><img loading=\"lazy\" decoding=\"async\" width=\"1024\" height=\"716\" src=\"https:\/\/gdanska147g.pl\/wp-content\/uploads\/2025\/10\/b4-1024x716.png\" alt=\"\" class=\"wp-image-68\" srcset=\"https:\/\/gdanska147g.pl\/wp-content\/uploads\/2025\/10\/b4-1024x716.png 1024w, https:\/\/gdanska147g.pl\/wp-content\/uploads\/2025\/10\/b4-300x210.png 300w, https:\/\/gdanska147g.pl\/wp-content\/uploads\/2025\/10\/b4-768x537.png 768w, https:\/\/gdanska147g.pl\/wp-content\/uploads\/2025\/10\/b4.png 1134w\" sizes=\"(max-width: 1024px) 100vw, 1024px\" \/><\/figure>\n\n\n\n<p class=\"has-text-color has-link-color wp-elements-f5a0d45f2b1f07049221e344cadad605\" style=\"color:#beb28a\">Rzut III pi\u0119tra (B4)<\/p>\n\n\n\n<figure class=\"wp-block-image size-large\"><img loading=\"lazy\" decoding=\"async\" width=\"1024\" height=\"716\" src=\"https:\/\/gdanska147g.pl\/wp-content\/uploads\/2025\/10\/gdanska6-1024x716.png\" alt=\"\" class=\"wp-image-69\" srcset=\"https:\/\/gdanska147g.pl\/wp-content\/uploads\/2025\/10\/gdanska6-1024x716.png 1024w, https:\/\/gdanska147g.pl\/wp-content\/uploads\/2025\/10\/gdanska6-300x210.png 300w, https:\/\/gdanska147g.pl\/wp-content\/uploads\/2025\/10\/gdanska6-768x537.png 768w, https:\/\/gdanska147g.pl\/wp-content\/uploads\/2025\/10\/gdanska6.png 1141w\" sizes=\"(max-width: 1024px) 100vw, 1024px\" \/><\/figure>\n\n\n\n<p class=\"has-text-color has-link-color wp-elements-5e2d70856f1cf5e68457800919739495\" style=\"color:#beb28a\">Rzut IV pi\u0119tra (B5)<\/p>\n\n\n\n<figure class=\"wp-block-image size-large\"><img loading=\"lazy\" decoding=\"async\" width=\"1024\" height=\"713\" src=\"https:\/\/gdanska147g.pl\/wp-content\/uploads\/2025\/10\/gdanska7-1024x713.png\" alt=\"\" class=\"wp-image-70\" srcset=\"https:\/\/gdanska147g.pl\/wp-content\/uploads\/2025\/10\/gdanska7-1024x713.png 1024w, https:\/\/gdanska147g.pl\/wp-content\/uploads\/2025\/10\/gdanska7-300x209.png 300w, https:\/\/gdanska147g.pl\/wp-content\/uploads\/2025\/10\/gdanska7-768x534.png 768w, https:\/\/gdanska147g.pl\/wp-content\/uploads\/2025\/10\/gdanska7.png 1138w\" sizes=\"(max-width: 1024px) 100vw, 1024px\" \/><\/figure>\n","protected":false},"excerpt":{"rendered":"<p>Rzut parkingu podziemnego (B0) Rzut parteru (B1) Rzut I pi\u0119tra (B2) Rzut II pi\u0119tra (B3) Rzut III pi\u0119tra (B4) Rzut IV pi\u0119tra (B5)<\/p>\n","protected":false},"author":1,"featured_media":0,"parent":0,"menu_order":0,"comment_status":"closed","ping_status":"closed","template":"","meta":{"footnotes":""},"class_list":["post-62","page","type-page","status-publish","hentry"],"_links":{"self":[{"href":"https:\/\/gdanska147g.pl\/index.php\/wp-json\/wp\/v2\/pages\/62","targetHints":{"allow":["GET"]}}],"collection":[{"href":"https:\/\/gdanska147g.pl\/index.php\/wp-json\/wp\/v2\/pages"}],"about":[{"href":"https:\/\/gdanska147g.pl\/index.php\/wp-json\/wp\/v2\/types\/page"}],"author":[{"embeddable":true,"href":"https:\/\/gdanska147g.pl\/index.php\/wp-json\/wp\/v2\/users\/1"}],"replies":[{"embeddable":true,"href":"https:\/\/gdanska147g.pl\/index.php\/wp-json\/wp\/v2\/comments?post=62"}],"version-history":[{"count":4,"href":"https:\/\/gdanska147g.pl\/index.php\/wp-json\/wp\/v2\/pages\/62\/revisions"}],"predecessor-version":[{"id":76,"href":"https:\/\/gdanska147g.pl\/index.php\/wp-json\/wp\/v2\/pages\/62\/revisions\/76"}],"wp:attachment":[{"href":"https:\/\/gdanska147g.pl\/index.php\/wp-json\/wp\/v2\/media?parent=62"}],"curies":[{"name":"wp","href":"https:\/\/api.w.org\/{rel}","templated":true}]}}